1 + 0 + 7 + 1
8
Evaluate (-6 - (-14 - 3 - -5)) + -10.
-4
3 - (1 - (1 - 3))
0
Calculate 0 - -6 - (12 - 2 - 6).
2
What is -1 - 1 - (17 - 23 - -9)?
-5
What is (8 - 4 - 3) + -3 + 5?
3
What is the value of (-2 - 2) + 1 + 2?
-1
What is 7 + 1 + (-1 - -1) + 1?
9
What is the value of 0 - -6 - ((-7 - -22) + -5)?
-4
-1 + 6 - -1 - (6 + -2)
2
What is the value of -4 + -1 - (-79 - -68)?
6
-1 + (6 - 1) - (106 - 106)
4
Calculate -51 + 53 + 1 + 0 + 0.
3
What is -6 + 1 + (-11 - (-9 - 11))?
4
What is the value of 7 + 2 + -5 + 1?
5
Evaluate -17 + -4 + 12 + -6 + 7.
-8
Calculate -1 + -15 - (-76 - -65).
-5
What is 8 + (11 - 4) + -6?
9
-11 - ((-3 - 11) + 14)
-11
Evaluate -1 + 5 - (12 + -13).
5
Evaluate 1 + 5 + (-2 - -3) - 3.
4
28 - 30 - (3 + 0)
-5
Evaluate 2 + (-6 - -1) + 15 + -17.
-5
What is the value of 18 - 8 - (7 - 2)?
5
What is -4 - (-8 + -7) - 7?
4
7 + -8 + -8 + 10
1
Calculate -1 - (-3 - (-1 - 3)) - 3.
-5
What is -3 - -4 - ((3 - 12) + 2)?
8
What is (-3 - -1) + (3 - 4)?
-3
Calculate (-2 - ((0 - 5) + 2)) + -4.
-3
What is 0 + 3 + (1 - 2)?
2
Calculate 8 - (-17 - -18 - (-3 + 1)).
5
What is 10 + -5 + (3 - 1)?
7
14 - (2 - (-10 + -9))
-7
Calculate -2 + (6 - (8 - 2)).
-2
(4 + 1 - 8) + 5 - -3
5
What is the value of 1 + -7 - (10 + (16 - 23))?
-9
Evaluate -4 - (6 - 5) - -3.
-2
What is 0 + (-2 - -3 - 6)?
-5
Calculate 2 - ((4 + -5 - 5) + 4).
4
Calculate 7 - 7 - (-13 + 10).
3
What is -36 + 30 + (5 - -1)?
0
0 + (4 - 3) - (-7 - -13)
-5
Evaluate -4 - (4 + -6 - -1).
-3
Calculate (4 - (-3 - -10) - 1) + 0.
-4
Calculate 0 + 3 + (1 - (-3 - -9)).
-2
What is the value of 0 + 0 - (5 - (31 - 21))?
5
Calculate 1 - 5 - (-12 - -2 - -4).
2
What is the value of (0 - -3) + 2 - 6?
-1
Evaluate -7 + 4 - (-2 - -3).
-4
-1 + 7 + (0 - -5 - 2)
9
Calculate 2 + (5 - (-2 - -6)) - -1.
4
-4 + 6 + 0 + (0 - 5)
-3
What is the value of (-4 + 1 - 1) + (30 - 24)?
2
What is the value of -8 - -6 - 2 - -7?
3
Calculate 6 + -6 + 2 + 1.
3
-10 - (-11 - -11) - -14
4
What is -1 + 2 + 1 + (-1 - 6)?
-5
Evaluate -4 + 4 + -15 + (4 - -3).
-8
-2 + -7 + 17 + -12
-4
8 + -3 + 3 - 12
-4
Evaluate 3 + 1 - (19 - (-3 + 12)).
-6
3 - ((-3 - -7) + 2)
-3
Calculate -3 - -2 - (-3 - 2) - 4.
0
-6 + (-14 - -25) - (0 + 6)
-1
Evaluate 5 - (-3 - -1 - -7 - 7).
7
Calculate 2 + (-6 - (1 - -2) - -2).
-5
Evaluate -1 + -6 + 2 + 8.
3
-8 - (4 - 9 - (0 - 2))
-5
What is the value of (-21 - -20) + (1 - -2) - 5?
-3
Evaluate -4 + 3 - -1 - (3 + 1).
-4
Evaluate (-2 - -3) + (6 + 5 - 5).
7
What is 1 - (-4 + 1 - 5)?
9
-1 - -6 - 1 - 3
1
What is (0 - -1 - -3 - 3) + 4?
5
Calculate -5 - (-1 - (3 - (-1 - 1))).
1
-2 + 2 - (4 - (1 - -4))
1
Calculate -7 + (16 - -2) + (-4 - 1).
6
What is the value of -5 + (-6 + 12 - -5) - 4?
2
What is -6 - (-6 - (0 + -4))?
-4
-2 + -1 + -3 + 8 + 3
5
Evaluate -3 + 5 - (13 - 14).
3
4 - 0 - (15 + -8 - 8)
5
What is -7 + 30 + -9 + -11?
3
Evaluate (-12 - (-7 - -2)) + 3.
-4
What is (0 - -5) + -34 + 25?
-4
What is 6 - 3 - (0 - 1)?
4
What is the value of (9 - (-1 - -5)) + (-34 - -20)?
-9
(-3 + 8 - 9) + (-2 - -12)
6
What is -1 + -5 + 4 + (-5 - -1)?
-6
Calculate 12 + -5 - (4 - 1).
4
What is (25 - 16) + (2 - -1) + -11?
1
Calculate 2 + (-1 - 0) + 4.
5
1 - (2 - 7 - -3)
3
What is the value of 25 + -23 - (0 - 4) - 4?
2
Calculate 11 - 9 - (-1 + 0 + -2).
5
What is -4 - (-9 - (1 - 1)) - 1?
4
What is 28 + -13 + (-1 - 9)?
5
Calculate -26 + 31 + 0 + (-10 - -2).
-3
What is 4 - (2 + 7 - (2 - -1))?
-2
Calculate 0 - (1 + 0 - -2).
-3
Calculate -4 + -11 + 8 + 6.
-1
Calculate (-1 - -4 - 1) + -8.
-6
Evaluate (3 + -4 - 0) + 0 - 5.
-6
What is 0 + 8 - 3 - (14 + -7)?
-2
What is the value of 5 - 13 - (6 + -7)?
-7
What is the value of (1 - 0) + 10 + -10?
1
-1 + -9 - (152 - 156)
-6
Evaluate (2 - -2 - -1) + -9 + 1.
-3
Calculate -4 - (-9 - -1 - 0) - 0.
4
Evaluate 6 - (3 + -4 + 7).
0
What is the value of 2 + 6 + -6 + 3 + -1?
4
What is the value of (4 - 3 - -4) + -2 - 0?
3
Calculate -4 - (4 + -8 + 2 + 6).
-8
-7 - 2 - (-12 + 8)
-5
What is 3 - (21 - (-10 - -18))?
-10
What is -3 - (6 - (-4 - -8))?
-5
What is 2 + -8 + 14 + (-8 - -7)?
7
What is (-5 - 1) + 17 + -13?
-2
-1 - -7 - (135 - 120)
-9
What is -5 + (6 - -6 - 2)?
5
What is 8 + (-4 - 0) + 25 + -28?
1
What is 1 + 5 + (-21 - -20) - 8?
-3
What is -2 - (1 - 5) - (-1 - -4)?
-1
What is the value of 1 + 3 + 6 - 18?
-8
Evaluate 0 + (-8 - -2 - (-8 + 7)).
-5
What is the value of 5 + (-6 - (-6 - -4)) + -1?
0
Evaluate -1 + 5 + -10 + 9 - 2.
1
What is 8 - (-5 - -12) - 4?
-3
What is 3 + (0 - 6) - (-1 + 3)?
-5
(0 - (-5 + 2)) + (-2 - 0)
1
What is the value of 1 + 9 + -10 - -7?
7
Calculate 5 - (1 - -3 - (-2 - 2)).
-3
What is the value of -16 - (-7 - 5) - (-1 - 6)?
3
-3 + 1 - (-9 + (-2 - -11))
-2
-7 + -3 + 3 + 6
-1
What is the value of -1 + (-3 - 0) + 20 + -13?
3
Calculate (6 - 4) + -2 - 7 - -2.
-5
What is (12 + -24 - -1) + 13?
2
What is the value of (-10 - -8) + 0 + 4?
2
Calculate 2 + 12 - (-5 - -11).
8
0 - -26 - 11 - 5
10
Calculate 16 + -7 + -7 - (-2 + 1).
3
Calculate -1 - 2 - (2 + (-9 - -7)).
-3
Calculate -10 + -6 + 1 + 13 - -6.
4
(3 - (-15 - -7 - -5)) + -11
-5
What is 1 + (2 + -3 - -1) + -2?
-1
-3 - (0 + (1 - (0 + 3)))
-1
Evaluate 0 - ((-12 - -2) + 3).
7
-2 + 2 + 1 + 0
1
What is the value of 7 + 2 + -1 - (139 - 134)?
3
Calculate 6 - (5 - 4 - -4).
1
What is -2 + (-9 - -7 - (0 + -1))?
-3
(0 - (4 - (1 - -2))) + -1
-2
Evaluate 1 - (-5 - (-3 + 5 + -1)).
7
Calculate 2 + (-7 - 0 - (26 - 30)).
-1
-9 - ((-3 - -1) + -4)
-3
Calculate -6 + (15 - (15 + 0 + -7)).
1
Calculate 2 + (3 - 1 - (-2 - -5)).
1
Calculate -4 + -1 + 6 + -8 + 0.
-7
What is -4 + (4 - (3 - 6)) - 3?
0
0 - (1 + (-4 - (3 - 7)))
-1
Calculate 3 + -3 + 5 + -8.
-3
-2 + -1 + (-18 - -23) + -2
0
What is the value of 1 - 5 - ((5 - 3) + 2)?
-8
What is the value of -4 - ((-5 - -9 - 4) + -3)?
-1
What is the value of -10 + (7 - -1 - 5)?
-7
Evaluate -1 + 4 + 58 + -56.
5
(24 - 12) + -4 + -6
2
Calculate 18 + -17 + -4 + (1 - -6).
4
1 + 2 + -8 + 3 + 7
5
What is 0 + 3 - 2 - 1?
0
Evaluate -3 - (-6 + 6 - (-4 + 2)).
-5
What is the value of 3 + -4 + -4 + 4?
-1
Evaluate -4 - (1 + -5 - (9 + -11)).
-2
Calculate 9 - (-1 + (4 - -2)).
4
What is 8 + 8 + -16 + -6?
-6
(6 - 0) + 0 - (4 + 8)
-6
Calculate (7 - 2 - 4) + (16 - 19).
-2
What is the value of 9 - (7 + 7) - 2?
-7
Calculate (-3 + 2 - -3) + 4 + -7.
-1
Calculate -2 - (-5 + 5) - -5 - 7.
-4
14 - ((-5 - -2) + 10) - 7
0
Calculate (1 - (7 - (0 + -4))) + 3.
-7
What is (-12 - -2) + (65 - 53)?
2
What is the value of (-1 - (-1 + -1 - 0)) + -4?
-3
What is 3 - 6 - 8 - -4?
-7
(15 + -4 - 6) + -1 + 4
8
What is -2 + 6 + -2 + (-6 - -5)?
1
Calculate -1 + (7 - 18) - -8.
-4
Evaluate -3 - (0 + -5 - (5 - 3)).
4
-2 + 1 + 7 + -2 + -2
2
What is -3 + 17 + (-6 - 2)?
6
-1 + (5 - -2) + -6
0
Calculate 1 - (7 + 4 - 5).
-5
(0 - -5 - 1) + -9
-5
What is the value of (-9 - -1) + -35 + 38?
-5
Calculate 8 + -9 + 14 - 8.
5
Evaluate (0 + 4 - -2) + -2 + -7.
-3
Calculate -1 - -3 - (-4 + 6).
0
What is the value of (-56 - -46) + (8 - 0)?
-2
What is the value of (-2 - (-6 + 0 + 5)) + 2?
1
What is (0 - 8) + (32 - 23)?
1
-6 + 6 + 0 + -13 - -5
-8
Evaluate -3 - -8 - (3 + -2).
4
Evaluate ((-5 - -4) + 2 - 2) + -2.
-3
What is the value of 2 - (3 + (-2 - (-3 - -2)))?
0
What is the value of 3 + 5 + 0 + -3 + -4?
1
Evaluate -2 + 1 + -6 + 11.
4
What is the value of (6 - 5) + (-3 - -1)?
-1
Calculate -75 + 71 - (5 - 2).
-7
What is -3 + (6 + 7 - 3)?
7
What is the value of 1 + -7 - 1 - -3?
-4
What is the value of -2 - (2 - 2) - -6 - 4?
0
What is the value of -5 - (4 + -5 + -5 + 6)?
-5
What is the value of 2 + -5 + (-6 + 5 - -2)?
-2
What is the value of (1 - -1) + (-8 - -7)?
1
Evaluate 13 + -4 + 5 + -7.
7
8 + -14 - -23 - 7
10
What is the value of 34 + -49 - (1 - 10)?
-6
What is the value of 6 + 5 + (5 - 21) + 6?
1
Evaluate -19 - (-32 + 20) - (0 + -3).
-4
-2 - (0 - 3) - 4
-3
Calculate 0 + (-2 - (3 + -6)).
1
What is the value of (-1 - (1 + 5)) + 12?
5
What is the value of (0 - 5 - 0) + 4?
-1
Calculate 7 - 1 - 1 - (6 + -3).
2
Calculate -2 + (9 - 8) + 7.
6
Calculate -12 + (-8 - (-24 - -12)).
-8
Calculate -3 + 3 - (0 + (-1 - -2)).
-1
What is the value of 2 - (3 + -2 - 2)?
3
What is the value of 17 + -20 + -4 + 0 + 8?
1
Evaluate (4 - 8) + (5 - 3).
-2
Calculate (2 - 11 - -8) + (3 - 3).
-1
0 + (9 - 24) + 12
-3
Calculate 4 - (2 + -4 + 6).
0
1 + 3 + 1 + -12 + 2
-5
-5 + (-11 - -22 - 1)
5
(49 - 58) + (0 - -6)
-3
Calculate -4 + (-1 - -3